{"id":33,"date":"2016-07-11T10:16:44","date_gmt":"2016-07-11T08:16:44","guid":{"rendered":"http:\/\/aw-delta.com\/content\/?page_id=33"},"modified":"2016-11-02T16:40:38","modified_gmt":"2016-11-02T15:40:38","slug":"produkte","status":"publish","type":"page","link":"https:\/\/aw-delta.com\/content\/produkte","title":{"rendered":"Produkte"},"content":{"rendered":"<h1><\/h1>\n<h1>AW-Delta: Ihr Fachhandel f\u00fcr Produkte aus den Bereichen Motortuning, Ersatz- und Verschlei\u00dfteile<\/h1>\n<p>AW-Delta aus B\u00fcnde ist Ihr Spezialist rund um Autoersatzteile und Motortuning. Sowohl in unserer Werkstatt in B\u00fcnde als auch in unserem Online-Shop bieten wir Ihnen ein umfangreiches Produktsortiment an.<\/p>\n<p><strong>Vom Autoersatzteil zum Motortuning \u2013 unser Sortiment umfasst:<\/strong><\/p>\n\n<table id=\"tablepress-1\" class=\"tablepress tablepress-id-1\">\n<tbody class=\"row-striping row-hover\">\n<tr class=\"row-1\">\n\t<td class=\"column-1\"><a href=\"http:\/\/aw-delta.com\/content\/produkte\/motortuning\"><img loading=\"lazy\" decoding=\"async\" src=\"http:\/\/aw-delta.com\/content\/wp-content\/uploads\/2016\/07\/motortuning.jpg\" alt=\"motortuning\" width=\"256\" height=\"171\" class=\"alignnone size-full wp-image-165\"><\/a><\/td><td class=\"column-2\"><a href=\"http:\/\/aw-delta.com\/content\/produkte\/motortuning\"><h2>Motortuning<\/h2><\/a><\/td>\n<\/tr>\n<tr class=\"row-2\">\n\t<td class=\"column-1\"><a href=http:\/\/aw-delta.com\/content\/produkte\/ersatz-und-verschleissteile><img loading=\"lazy\" decoding=\"async\" src=\"http:\/\/aw-delta.com\/content\/wp-content\/uploads\/2016\/07\/ersatzteile.jpg\" alt=\"ersatzteile\" width=\"256\" height=\"171\" class=\"alignnone size-full wp-image-164\"><\/a><\/td><td class=\"column-2\"><a href=\"http:\/\/aw-delta.com\/content\/produkte\/ersatz-und-verschleissteile\"><h2>Ersatz- und Verschlei\u00dfteile<\/h2><\/a><\/td>\n<\/tr>\n<tr class=\"row-3\">\n\t<td class=\"column-1\"><a href=\"http:\/\/aw-delta.com\/content\/produkte\/sportauspuffanlagen\"><img loading=\"lazy\" decoding=\"async\" src=\"http:\/\/aw-delta.com\/content\/wp-content\/uploads\/2016\/07\/sportauspuff.jpg\" alt=\"sportauspuff\" width=\"257\" height=\"171\" class=\"alignnone size-full wp-image-168\"\/> <\/a><\/td><td class=\"column-2\"><a href=\"http:\/\/aw-delta.com\/content\/produkte\/sportauspuffanlagen\"><h2>Sportauspuffanlagen<\/h2><\/a><\/td>\n<\/tr>\n<tr class=\"row-4\">\n\t<td class=\"column-1\"><a href=\"http:\/\/aw-delta.com\/content\/produkte\/zuend-und-einspritzsysteme\"><img loading=\"lazy\" decoding=\"async\" src=\"http:\/\/aw-delta.com\/content\/wp-content\/uploads\/2016\/07\/zuend-einspritzsysteme.jpg\" alt=\"zuend-einspritzsysteme\" width=\"256\" height=\"171\" class=\"alignnone size-full wp-image-169\" \/><\/a><\/td><td class=\"column-2\"><a href=\"http:\/\/aw-delta.com\/content\/produkte\/zuend-und-einspritzsysteme\" target=\"_blank\"><h2>Z\u00fcnd- und Einspritzsysteme<\/h2><\/a><\/td>\n<\/tr>\n<tr class=\"row-5\">\n\t<td class=\"column-1\"><a href=\"http:\/\/aw-delta.com\/content\/produkte\/schmiedekolben-pleuel-titanventile\"><img loading=\"lazy\" decoding=\"async\" src=\"http:\/\/aw-delta.com\/content\/wp-content\/uploads\/2016\/07\/schmiedekolben.jpg\" alt=\"schmiedekolben\" width=\"256\" height=\"171\" class=\"alignnone size-full wp-image-166\" \/><\/a><\/td><td class=\"column-2\"><a href=\"http:\/\/aw-delta.com\/content\/produkte\/schmiedekolben-pleuel-titanventile\" target=\"_blank\"><h2>Schmiedekolben,Pleuel &amp; Titanventile<\/h2><\/a><\/td>\n<\/tr>\n<tr class=\"row-6\">\n\t<td class=\"column-1\"><img loading=\"lazy\" decoding=\"async\" src=\"http:\/\/aw-delta.com\/content\/wp-content\/uploads\/2016\/07\/sonstiges.jpg\" alt=\"sonstiges\" width=\"257\" height=\"171\" class=\"alignnone size-full wp-image-167\" \/><\/td><td class=\"column-2\"><h2>u.a.m.<\/h2><\/td>\n<\/tr>\n<\/tbody>\n<\/table>\n\n","protected":false},"excerpt":{"rendered":"<p>AW-Delta: Ihr Fachhandel f\u00fcr Produkte aus den Bereichen Motortuning, Ersatz- und Verschlei\u00dfteile AW-Delta aus B\u00fcnde ist Ihr Spezialist rund um Autoersatzteile und Motortuning. Sowohl in unserer Werkstatt in B\u00fcnde als auch in unserem Online-Shop bieten wir Ihnen ein umfangreiches Produktsortiment an. Vom Autoersatzteil zum Motortuning \u2013 unser Sortiment umfasst:<\/p>\n","protected":false},"author":1,"featured_media":0,"parent":0,"menu_order":0,"comment_status":"closed","ping_status":"closed","template":"","meta":{"footnotes":""},"class_list":["post-33","page","type-page","status-publish","hentry"],"yoast_head":"<!-- This site is optimized with the Yoast SEO plugin v26.7 - https:\/\/yoast.com\/wordpress\/plugins\/seo\/ -->\n<title>Produkte - AW-Delta<\/title>\n<meta name=\"description\" content=\"AW-Delta: Ihr Fachhandel f\u00fcr Produkte aus den Bereichen Motortuning, Ersatz- und Verschlei\u00dfteile\" \/>\n<meta name=\"robots\" content=\"index, follow, max-snippet:-1, max-image-preview:large, max-video-preview:-1\" \/>\n<link rel=\"canonical\" href=\"https:\/\/aw-delta.com\/content\/produkte\" \/>\n<meta property=\"og:locale\" content=\"de_DE\" \/>\n<meta property=\"og:type\" content=\"article\" \/>\n<meta property=\"og:title\" content=\"Produkte - AW-Delta\" \/>\n<meta property=\"og:description\" content=\"AW-Delta: Ihr Fachhandel f\u00fcr Produkte aus den Bereichen Motortuning, Ersatz- und Verschlei\u00dfteile\" \/>\n<meta property=\"og:url\" content=\"https:\/\/aw-delta.com\/content\/produkte\" \/>\n<meta property=\"og:site_name\" content=\"AW-Delta\" \/>\n<meta property=\"article:modified_time\" content=\"2016-11-02T15:40:38+00:00\" \/>\n<meta name=\"twitter:card\" content=\"summary_large_image\" \/>\n<script type=\"application\/ld+json\" class=\"yoast-schema-graph\">{\"@context\":\"https:\/\/schema.org\",\"@graph\":[{\"@type\":\"WebPage\",\"@id\":\"https:\/\/aw-delta.com\/content\/produkte\",\"url\":\"https:\/\/aw-delta.com\/content\/produkte\",\"name\":\"Produkte - AW-Delta\",\"isPartOf\":{\"@id\":\"https:\/\/aw-delta.com\/content\/#website\"},\"datePublished\":\"2016-07-11T08:16:44+00:00\",\"dateModified\":\"2016-11-02T15:40:38+00:00\",\"description\":\"AW-Delta: Ihr Fachhandel f\u00fcr Produkte aus den Bereichen Motortuning, Ersatz- und Verschlei\u00dfteile\",\"breadcrumb\":{\"@id\":\"https:\/\/aw-delta.com\/content\/produkte#breadcrumb\"},\"inLanguage\":\"de\",\"potentialAction\":[{\"@type\":\"ReadAction\",\"target\":[\"https:\/\/aw-delta.com\/content\/produkte\"]}]},{\"@type\":\"BreadcrumbList\",\"@id\":\"https:\/\/aw-delta.com\/content\/produkte#breadcrumb\",\"itemListElement\":[{\"@type\":\"ListItem\",\"position\":1,\"name\":\"Startseite\",\"item\":\"https:\/\/aw-delta.com\/content\/\"},{\"@type\":\"ListItem\",\"position\":2,\"name\":\"Produkte\"}]},{\"@type\":\"WebSite\",\"@id\":\"https:\/\/aw-delta.com\/content\/#website\",\"url\":\"https:\/\/aw-delta.com\/content\/\",\"name\":\"AW-Delta\",\"description\":\"Autoersatzteile und Motortuning in 32257 B\u00fcnde\",\"potentialAction\":[{\"@type\":\"SearchAction\",\"target\":{\"@type\":\"EntryPoint\",\"urlTemplate\":\"https:\/\/aw-delta.com\/content\/?s={search_term_string}\"},\"query-input\":{\"@type\":\"PropertyValueSpecification\",\"valueRequired\":true,\"valueName\":\"search_term_string\"}}],\"inLanguage\":\"de\"}]}<\/script>\n<!-- \/ Yoast SEO plugin. -->","yoast_head_json":{"title":"Produkte - AW-Delta","description":"AW-Delta: Ihr Fachhandel f\u00fcr Produkte aus den Bereichen Motortuning, Ersatz- und Verschlei\u00dfteile","robots":{"index":"index","follow":"follow","max-snippet":"max-snippet:-1","max-image-preview":"max-image-preview:large","max-video-preview":"max-video-preview:-1"},"canonical":"https:\/\/aw-delta.com\/content\/produkte","og_locale":"de_DE","og_type":"article","og_title":"Produkte - AW-Delta","og_description":"AW-Delta: Ihr Fachhandel f\u00fcr Produkte aus den Bereichen Motortuning, Ersatz- und Verschlei\u00dfteile","og_url":"https:\/\/aw-delta.com\/content\/produkte","og_site_name":"AW-Delta","article_modified_time":"2016-11-02T15:40:38+00:00","twitter_card":"summary_large_image","schema":{"@context":"https:\/\/schema.org","@graph":[{"@type":"WebPage","@id":"https:\/\/aw-delta.com\/content\/produkte","url":"https:\/\/aw-delta.com\/content\/produkte","name":"Produkte - AW-Delta","isPartOf":{"@id":"https:\/\/aw-delta.com\/content\/#website"},"datePublished":"2016-07-11T08:16:44+00:00","dateModified":"2016-11-02T15:40:38+00:00","description":"AW-Delta: Ihr Fachhandel f\u00fcr Produkte aus den Bereichen Motortuning, Ersatz- und Verschlei\u00dfteile","breadcrumb":{"@id":"https:\/\/aw-delta.com\/content\/produkte#breadcrumb"},"inLanguage":"de","potentialAction":[{"@type":"ReadAction","target":["https:\/\/aw-delta.com\/content\/produkte"]}]},{"@type":"BreadcrumbList","@id":"https:\/\/aw-delta.com\/content\/produkte#breadcrumb","itemListElement":[{"@type":"ListItem","position":1,"name":"Startseite","item":"https:\/\/aw-delta.com\/content\/"},{"@type":"ListItem","position":2,"name":"Produkte"}]},{"@type":"WebSite","@id":"https:\/\/aw-delta.com\/content\/#website","url":"https:\/\/aw-delta.com\/content\/","name":"AW-Delta","description":"Autoersatzteile und Motortuning in 32257 B\u00fcnde","potentialAction":[{"@type":"SearchAction","target":{"@type":"EntryPoint","urlTemplate":"https:\/\/aw-delta.com\/content\/?s={search_term_string}"},"query-input":{"@type":"PropertyValueSpecification","valueRequired":true,"valueName":"search_term_string"}}],"inLanguage":"de"}]}},"_links":{"self":[{"href":"https:\/\/aw-delta.com\/content\/wp-json\/wp\/v2\/pages\/33","targetHints":{"allow":["GET"]}}],"collection":[{"href":"https:\/\/aw-delta.com\/content\/wp-json\/wp\/v2\/pages"}],"about":[{"href":"https:\/\/aw-delta.com\/content\/wp-json\/wp\/v2\/types\/page"}],"author":[{"embeddable":true,"href":"https:\/\/aw-delta.com\/content\/wp-json\/wp\/v2\/users\/1"}],"replies":[{"embeddable":true,"href":"https:\/\/aw-delta.com\/content\/wp-json\/wp\/v2\/comments?post=33"}],"version-history":[{"count":20,"href":"https:\/\/aw-delta.com\/content\/wp-json\/wp\/v2\/pages\/33\/revisions"}],"predecessor-version":[{"id":190,"href":"https:\/\/aw-delta.com\/content\/wp-json\/wp\/v2\/pages\/33\/revisions\/190"}],"wp:attachment":[{"href":"https:\/\/aw-delta.com\/content\/wp-json\/wp\/v2\/media?parent=33"}],"curies":[{"name":"wp","href":"https:\/\/api.w.org\/{rel}","templated":true}]}}