{"id":2,"date":"2016-07-04T10:26:38","date_gmt":"2016-07-04T08:26:38","guid":{"rendered":"http:\/\/aw-delta.com\/content\/?page_id=2"},"modified":"2017-01-03T15:05:13","modified_gmt":"2017-01-03T14:05:13","slug":"impressum","status":"publish","type":"page","link":"https:\/\/aw-delta.com\/content\/impressum","title":{"rendered":"Impressum"},"content":{"rendered":"<div class=\"entry-content\">\n<h1><strong>Unsere Kontaktdaten<\/strong><\/h1>\n<p>AW-Delta \u2013 Inhaber Andreas Wippermann<br \/>\nWasserbreite 57<br \/>\n32257 B\u00fcnde, Deutschland<br \/>\nTelefon: 05223 \/ 3212<br \/>\nTelefax: 05223 \/ 3214<br \/>\nE-Mail: info@aw-delta.com<br \/>\nInternet: www.aw-delta.com<\/p>\n<p>Inhaber: Andreas Wippermann<br \/>\nRechtsform: Einzelunternehmen<br \/>\nKammer:IHK, Bielefeld<br \/>\nUmsatzsteuer ID:DE 124374603<\/p>\n<p><strong>Anfahrt<\/strong><\/p>\n<p><iframe loading=\"lazy\" style=\"border: 0;\" src=\"https:\/\/www.google.com\/maps\/embed?pb=!1m14!1m8!1m3!1d9781.311394833247!2d8.580250287713937!3d52.20108940599207!3m2!1i1024!2i768!4f13.1!3m3!1m2!1s0x0%3A0xdf4c9c5184029f9!2sAW-DELTA!5e0!3m2!1sde!2sus!4v1473083526028\" width=\"600\" height=\"450\" frameborder=\"0\" allowfullscreen=\"allowfullscreen\"><\/iframe><\/p>\n<\/div>\n<p><strong>Datenschutzbestimmungen<\/strong><\/p>\n<p>Wir erheben, verarbeiten und nutzen Ihre Daten nur im Rahmen der gesetzlichen Bestimmungen.<\/p>\n<p>Diese Datenschutzerkl\u00e4rung gilt ausschlie\u00dflich f\u00fcr die Nutzung der von uns angebotenen Webseiten. Sie gilt nicht f\u00fcr die Webseiten anderer Dienstanbieter, auf die wir lediglich durch einen Link verweisen.<\/p>\n<p>Bei der Nutzung unserer Webseiten bleiben Sie anonym, solange Sie uns nicht von sich aus freiwillig personenbezogene Daten zur Verf\u00fcgung stellen.<\/p>\n<p>Personenbezogene Daten werden nur dann erhoben, wenn dies f\u00fcr die Nutzung der auf der Webseite angebotenen Leistungen, insbesondere Formularangebote, erforderlich ist.<\/p>\n<p>Wir werden die von Ihnen zur Verf\u00fcgung gestellten Daten streng vertraulich behandeln. Ohne Ihre ausdr\u00fcckliche Einwilligung geben wir keine pers\u00f6nlichen Daten weiter, es sei denn, dass wir rechtlich dazu verpflichtet sind. Wir weisen jedoch darauf hin, dass es bei der \u00dcbermittlung von Daten im Internet immer dazu kommen kann, dass Dritte Ihre Daten zur Kenntnis nehmen oder verf\u00e4lschen.<\/p>\n<p>Sofern Sie es von uns verlangen, gew\u00e4hren wir Ihnen Einblick in die \u00fcber Sie gespeicherten Daten, beziehungsweise l\u00f6schen diese. Wenn Sie Daten berichtigen, l\u00f6schen oder einsehen wollen, gen\u00fcgt hierf\u00fcr ein Schreiben an die im Impressum angegebene Adresse.<\/p>\n<p>Im Rahmen der Benachrichtigung unserer Kunden \u00fcber Produktneuheiten, etc. senden wir Ihnen E-Mails nur zu, sofern Sie uns Ihre E-Mail-Adresse zur Verf\u00fcgung stellen.<\/p>\n","protected":false},"excerpt":{"rendered":"<p>Unsere Kontaktdaten AW-Delta \u2013 Inhaber Andreas Wippermann Wasserbreite 57 32257 B\u00fcnde, Deutschland Telefon: 05223 \/ 3212 Telefax: 05223 \/ 3214 E-Mail: info@aw-delta.com Internet: www.aw-delta.com Inhaber: Andreas Wippermann Rechtsform: Einzelunternehmen Kammer:IHK, Bielefeld Umsatzsteuer ID:DE 124374603 Anfahrt Datenschutzbestimmungen Wir erheben, verarbeiten und nutzen Ihre Daten nur im Rahmen der gesetzlichen Bestimmungen. Diese Datenschutzerkl\u00e4rung gilt ausschlie\u00dflich f\u00fcr die &hellip; <a href=\"https:\/\/aw-delta.com\/content\/impressum\" class=\"more-link\"><span class=\"screen-reader-text\">\u201eImpressum\u201c <\/span>weiterlesen<\/a><\/p>\n","protected":false},"author":1,"featured_media":0,"parent":0,"menu_order":0,"comment_status":"closed","ping_status":"open","template":"","meta":{"footnotes":""},"class_list":["post-2","page","type-page","status-publish","hentry"],"yoast_head":"<!-- This site is optimized with the Yoast SEO plugin v26.7 - https:\/\/yoast.com\/wordpress\/plugins\/seo\/ -->\n<title>Impressum - AW-Delta<\/title>\n<meta name=\"description\" content=\"Impressum von AW-Delta -Ihrem Spezial-Betrieb f\u00fcr Autoersatzteile und Motorentuning aller Fabrikate von Alfa Romeo bis VW in B\u00fcnde\" \/>\n<meta name=\"robots\" content=\"index, follow, max-snippet:-1, max-image-preview:large, max-video-preview:-1\" \/>\n<link rel=\"canonical\" href=\"https:\/\/aw-delta.com\/content\/impressum\" \/>\n<meta property=\"og:locale\" content=\"de_DE\" \/>\n<meta property=\"og:type\" content=\"article\" \/>\n<meta property=\"og:title\" content=\"Impressum - AW-Delta\" \/>\n<meta property=\"og:description\" content=\"Impressum von AW-Delta -Ihrem Spezial-Betrieb f\u00fcr Autoersatzteile und Motorentuning aller Fabrikate von Alfa Romeo bis VW in B\u00fcnde\" \/>\n<meta property=\"og:url\" content=\"https:\/\/aw-delta.com\/content\/impressum\" \/>\n<meta property=\"og:site_name\" content=\"AW-Delta\" \/>\n<meta property=\"article:modified_time\" content=\"2017-01-03T14:05:13+00:00\" \/>\n<meta name=\"twitter:card\" content=\"summary_large_image\" \/>\n<meta name=\"twitter:label1\" content=\"Gesch\u00e4tzte Lesezeit\" \/>\n\t<meta name=\"twitter:data1\" content=\"1\u00a0Minute\" \/>\n<script type=\"application\/ld+json\" class=\"yoast-schema-graph\">{\"@context\":\"https:\/\/schema.org\",\"@graph\":[{\"@type\":\"WebPage\",\"@id\":\"https:\/\/aw-delta.com\/content\/impressum\",\"url\":\"https:\/\/aw-delta.com\/content\/impressum\",\"name\":\"Impressum - AW-Delta\",\"isPartOf\":{\"@id\":\"https:\/\/aw-delta.com\/content\/#website\"},\"datePublished\":\"2016-07-04T08:26:38+00:00\",\"dateModified\":\"2017-01-03T14:05:13+00:00\",\"description\":\"Impressum von AW-Delta -Ihrem Spezial-Betrieb f\u00fcr Autoersatzteile und Motorentuning aller Fabrikate von Alfa Romeo bis VW in B\u00fcnde\",\"breadcrumb\":{\"@id\":\"https:\/\/aw-delta.com\/content\/impressum#breadcrumb\"},\"inLanguage\":\"de\",\"potentialAction\":[{\"@type\":\"ReadAction\",\"target\":[\"https:\/\/aw-delta.com\/content\/impressum\"]}]},{\"@type\":\"BreadcrumbList\",\"@id\":\"https:\/\/aw-delta.com\/content\/impressum#breadcrumb\",\"itemListElement\":[{\"@type\":\"ListItem\",\"position\":1,\"name\":\"Startseite\",\"item\":\"https:\/\/aw-delta.com\/content\/\"},{\"@type\":\"ListItem\",\"position\":2,\"name\":\"Impressum\"}]},{\"@type\":\"WebSite\",\"@id\":\"https:\/\/aw-delta.com\/content\/#website\",\"url\":\"https:\/\/aw-delta.com\/content\/\",\"name\":\"AW-Delta\",\"description\":\"Autoersatzteile und Motortuning in 32257 B\u00fcnde\",\"potentialAction\":[{\"@type\":\"SearchAction\",\"target\":{\"@type\":\"EntryPoint\",\"urlTemplate\":\"https:\/\/aw-delta.com\/content\/?s={search_term_string}\"},\"query-input\":{\"@type\":\"PropertyValueSpecification\",\"valueRequired\":true,\"valueName\":\"search_term_string\"}}],\"inLanguage\":\"de\"}]}<\/script>\n<!-- \/ Yoast SEO plugin. -->","yoast_head_json":{"title":"Impressum - AW-Delta","description":"Impressum von AW-Delta -Ihrem Spezial-Betrieb f\u00fcr Autoersatzteile und Motorentuning aller Fabrikate von Alfa Romeo bis VW in B\u00fcnde","robots":{"index":"index","follow":"follow","max-snippet":"max-snippet:-1","max-image-preview":"max-image-preview:large","max-video-preview":"max-video-preview:-1"},"canonical":"https:\/\/aw-delta.com\/content\/impressum","og_locale":"de_DE","og_type":"article","og_title":"Impressum - AW-Delta","og_description":"Impressum von AW-Delta -Ihrem Spezial-Betrieb f\u00fcr Autoersatzteile und Motorentuning aller Fabrikate von Alfa Romeo bis VW in B\u00fcnde","og_url":"https:\/\/aw-delta.com\/content\/impressum","og_site_name":"AW-Delta","article_modified_time":"2017-01-03T14:05:13+00:00","twitter_card":"summary_large_image","twitter_misc":{"Gesch\u00e4tzte Lesezeit":"1\u00a0Minute"},"schema":{"@context":"https:\/\/schema.org","@graph":[{"@type":"WebPage","@id":"https:\/\/aw-delta.com\/content\/impressum","url":"https:\/\/aw-delta.com\/content\/impressum","name":"Impressum - AW-Delta","isPartOf":{"@id":"https:\/\/aw-delta.com\/content\/#website"},"datePublished":"2016-07-04T08:26:38+00:00","dateModified":"2017-01-03T14:05:13+00:00","description":"Impressum von AW-Delta -Ihrem Spezial-Betrieb f\u00fcr Autoersatzteile und Motorentuning aller Fabrikate von Alfa Romeo bis VW in B\u00fcnde","breadcrumb":{"@id":"https:\/\/aw-delta.com\/content\/impressum#breadcrumb"},"inLanguage":"de","potentialAction":[{"@type":"ReadAction","target":["https:\/\/aw-delta.com\/content\/impressum"]}]},{"@type":"BreadcrumbList","@id":"https:\/\/aw-delta.com\/content\/impressum#breadcrumb","itemListElement":[{"@type":"ListItem","position":1,"name":"Startseite","item":"https:\/\/aw-delta.com\/content\/"},{"@type":"ListItem","position":2,"name":"Impressum"}]},{"@type":"WebSite","@id":"https:\/\/aw-delta.com\/content\/#website","url":"https:\/\/aw-delta.com\/content\/","name":"AW-Delta","description":"Autoersatzteile und Motortuning in 32257 B\u00fcnde","potentialAction":[{"@type":"SearchAction","target":{"@type":"EntryPoint","urlTemplate":"https:\/\/aw-delta.com\/content\/?s={search_term_string}"},"query-input":{"@type":"PropertyValueSpecification","valueRequired":true,"valueName":"search_term_string"}}],"inLanguage":"de"}]}},"_links":{"self":[{"href":"https:\/\/aw-delta.com\/content\/wp-json\/wp\/v2\/pages\/2","targetHints":{"allow":["GET"]}}],"collection":[{"href":"https:\/\/aw-delta.com\/content\/wp-json\/wp\/v2\/pages"}],"about":[{"href":"https:\/\/aw-delta.com\/content\/wp-json\/wp\/v2\/types\/page"}],"author":[{"embeddable":true,"href":"https:\/\/aw-delta.com\/content\/wp-json\/wp\/v2\/users\/1"}],"replies":[{"embeddable":true,"href":"https:\/\/aw-delta.com\/content\/wp-json\/wp\/v2\/comments?post=2"}],"version-history":[{"count":12,"href":"https:\/\/aw-delta.com\/content\/wp-json\/wp\/v2\/pages\/2\/revisions"}],"predecessor-version":[{"id":198,"href":"https:\/\/aw-delta.com\/content\/wp-json\/wp\/v2\/pages\/2\/revisions\/198"}],"wp:attachment":[{"href":"https:\/\/aw-delta.com\/content\/wp-json\/wp\/v2\/media?parent=2"}],"curies":[{"name":"wp","href":"https:\/\/api.w.org\/{rel}","templated":true}]}}