{"id":47,"date":"2016-07-11T10:36:59","date_gmt":"2016-07-11T08:36:59","guid":{"rendered":"http:\/\/aw-delta.com\/content\/?page_id=47"},"modified":"2016-09-19T15:31:23","modified_gmt":"2016-09-19T13:31:23","slug":"schmiedekolben-pleuel-titanventile","status":"publish","type":"page","link":"http:\/\/aw-delta.com\/content\/produkte\/schmiedekolben-pleuel-titanventile","title":{"rendered":"Schmiedekolben, Pleuel &#038; Titanventile"},"content":{"rendered":"<h1>Schmiedekolben, Pleuel und Titanventile in B\u00fcnde<\/h1>\n<p>AW-Delta ist Ihr Fachhandel f\u00fcr hochwertige Schmiedekolben, Pleuel und Titanventile in B\u00fcnde.<\/p>\n<p>Wir f\u00fchren f\u00fcr Sie geschmiedete ARIAS Hochleistungs-Kolben sowie Stahl-Pleuel des Herstellers CARRILLO. Gefertigt werden die Teile nach Muster, Brennraumabguss oder speziell nach Ihren Vorgaben.<\/p>\n<p>Die Erfahrung des Herstellers ARIAS aus 35 Jahren Entwicklung. Die Verwendung hochwertiger Materialien und die exakte Produktion unter Ber\u00fccksichtigung h\u00f6chster Qualit\u00e4tspr\u00fcfungen ergeben einen Kolben, der auch gr\u00f6\u00dften Anforderungen gewachsen ist. Die Konstruktion der Kolben hat sich durch die wertvollen Informationen, die ARIAS von der Engine Division und dem Feedback der Kunden erhielten, beachtlich verbessert. Dank der hohen Qualit\u00e4t, viel Erfahrung und dem umfangreichen Fachwissen erhalten Sie Schmiedekolben h\u00f6chster Qualit\u00e4t.<\/p>\n<p>Auch bei den Pleueln des Herstellers CARRILLO k\u00f6nnen Sie sich darauf verlassen, dass Sie ein qualitativ hochwertiges Spitzenprodukt von \u00fcberzeugender Haltbarkeit erhalten. Diese verbauen wir Ihnen bei AW-Delta in B\u00fcnde fachgerecht, sodass sie vollen Nutzen daraus ziehen k\u00f6nnen.<\/p>\n<p>In unserer Kfz-Werkstatt in B\u00fcnde bauen wir hochwertigen Schmiedekolben, Pleuel und Titanventile fachgerecht ein. Nat\u00fcrlich k\u00f6nnen Sie diese aber auch einfach \u00fcber unseren <a href=\"http:\/\/www.aw-delta.com\/shop\/\">Online-Shop<\/a> erwerben.<\/p>\n<p>Sie haben Fragen? Rufen Sie uns an oder schreiben Sie uns eine E-Mail \u2013 wir freuen uns auf Ihre Anfrage.<\/p>\n","protected":false},"excerpt":{"rendered":"<p>Schmiedekolben, Pleuel und Titanventile in B\u00fcnde AW-Delta ist Ihr Fachhandel f\u00fcr hochwertige Schmiedekolben, Pleuel und Titanventile in B\u00fcnde. Wir f\u00fchren f\u00fcr Sie geschmiedete ARIAS Hochleistungs-Kolben sowie Stahl-Pleuel des Herstellers CARRILLO. Gefertigt werden die Teile nach Muster, Brennraumabguss oder speziell nach Ihren Vorgaben. Die Erfahrung des Herstellers ARIAS aus 35 Jahren Entwicklung. Die Verwendung hochwertiger Materialien &hellip; <a href=\"http:\/\/aw-delta.com\/content\/produkte\/schmiedekolben-pleuel-titanventile\" class=\"more-link\"><span class=\"screen-reader-text\">\u201eSchmiedekolben, Pleuel &#038; Titanventile\u201c <\/span>weiterlesen<\/a><\/p>\n","protected":false},"author":1,"featured_media":0,"parent":33,"menu_order":0,"comment_status":"closed","ping_status":"closed","template":"","meta":{"footnotes":""},"class_list":["post-47","page","type-page","status-publish","hentry"],"yoast_head":"<!-- This site is optimized with the Yoast SEO plugin v26.7 - https:\/\/yoast.com\/wordpress\/plugins\/seo\/ -->\n<title>Schmiedekolben, Pleuel &amp; Titanventile - AW-Delta<\/title>\n<meta name=\"description\" content=\"AW-Delta ist Ihr Spezial-Betrieb f\u00fcr Schmiedekolben, Pleuel und Titanventile aller Fabrikate von Alfa Romeo bis Volkswagen in B\u00fcnde.\" \/>\n<meta name=\"robots\" content=\"index, follow, max-snippet:-1, max-image-preview:large, max-video-preview:-1\" \/>\n<link rel=\"canonical\" href=\"http:\/\/aw-delta.com\/content\/produkte\/schmiedekolben-pleuel-titanventile\" \/>\n<meta property=\"og:locale\" content=\"de_DE\" \/>\n<meta property=\"og:type\" content=\"article\" \/>\n<meta property=\"og:title\" content=\"Schmiedekolben, Pleuel &amp; Titanventile - AW-Delta\" \/>\n<meta property=\"og:description\" content=\"AW-Delta ist Ihr Spezial-Betrieb f\u00fcr Schmiedekolben, Pleuel und Titanventile aller Fabrikate von Alfa Romeo bis Volkswagen in B\u00fcnde.\" \/>\n<meta property=\"og:url\" content=\"http:\/\/aw-delta.com\/content\/produkte\/schmiedekolben-pleuel-titanventile\" \/>\n<meta property=\"og:site_name\" content=\"AW-Delta\" \/>\n<meta property=\"article:modified_time\" content=\"2016-09-19T13:31:23+00:00\" \/>\n<meta name=\"twitter:card\" content=\"summary_large_image\" \/>\n<meta name=\"twitter:label1\" content=\"Gesch\u00e4tzte Lesezeit\" \/>\n\t<meta name=\"twitter:data1\" content=\"1\u00a0Minute\" \/>\n<script type=\"application\/ld+json\" class=\"yoast-schema-graph\">{\"@context\":\"https:\/\/schema.org\",\"@graph\":[{\"@type\":\"WebPage\",\"@id\":\"http:\/\/aw-delta.com\/content\/produkte\/schmiedekolben-pleuel-titanventile\",\"url\":\"http:\/\/aw-delta.com\/content\/produkte\/schmiedekolben-pleuel-titanventile\",\"name\":\"Schmiedekolben, Pleuel & Titanventile - AW-Delta\",\"isPartOf\":{\"@id\":\"https:\/\/aw-delta.com\/content\/#website\"},\"datePublished\":\"2016-07-11T08:36:59+00:00\",\"dateModified\":\"2016-09-19T13:31:23+00:00\",\"description\":\"AW-Delta ist Ihr Spezial-Betrieb f\u00fcr Schmiedekolben, Pleuel und Titanventile aller Fabrikate von Alfa Romeo bis Volkswagen in B\u00fcnde.\",\"breadcrumb\":{\"@id\":\"http:\/\/aw-delta.com\/content\/produkte\/schmiedekolben-pleuel-titanventile#breadcrumb\"},\"inLanguage\":\"de\",\"potentialAction\":[{\"@type\":\"ReadAction\",\"target\":[\"http:\/\/aw-delta.com\/content\/produkte\/schmiedekolben-pleuel-titanventile\"]}]},{\"@type\":\"BreadcrumbList\",\"@id\":\"http:\/\/aw-delta.com\/content\/produkte\/schmiedekolben-pleuel-titanventile#breadcrumb\",\"itemListElement\":[{\"@type\":\"ListItem\",\"position\":1,\"name\":\"Startseite\",\"item\":\"http:\/\/aw-delta.com\/content\/\"},{\"@type\":\"ListItem\",\"position\":2,\"name\":\"Produkte\",\"item\":\"http:\/\/aw-delta.com\/content\/produkte\"},{\"@type\":\"ListItem\",\"position\":3,\"name\":\"Schmiedekolben, Pleuel &#038; Titanventile\"}]},{\"@type\":\"WebSite\",\"@id\":\"https:\/\/aw-delta.com\/content\/#website\",\"url\":\"https:\/\/aw-delta.com\/content\/\",\"name\":\"AW-Delta\",\"description\":\"Autoersatzteile und Motortuning in 32257 B\u00fcnde\",\"potentialAction\":[{\"@type\":\"SearchAction\",\"target\":{\"@type\":\"EntryPoint\",\"urlTemplate\":\"https:\/\/aw-delta.com\/content\/?s={search_term_string}\"},\"query-input\":{\"@type\":\"PropertyValueSpecification\",\"valueRequired\":true,\"valueName\":\"search_term_string\"}}],\"inLanguage\":\"de\"}]}<\/script>\n<!-- \/ Yoast SEO plugin. -->","yoast_head_json":{"title":"Schmiedekolben, Pleuel & Titanventile - AW-Delta","description":"AW-Delta ist Ihr Spezial-Betrieb f\u00fcr Schmiedekolben, Pleuel und Titanventile aller Fabrikate von Alfa Romeo bis Volkswagen in B\u00fcnde.","robots":{"index":"index","follow":"follow","max-snippet":"max-snippet:-1","max-image-preview":"max-image-preview:large","max-video-preview":"max-video-preview:-1"},"canonical":"http:\/\/aw-delta.com\/content\/produkte\/schmiedekolben-pleuel-titanventile","og_locale":"de_DE","og_type":"article","og_title":"Schmiedekolben, Pleuel & Titanventile - AW-Delta","og_description":"AW-Delta ist Ihr Spezial-Betrieb f\u00fcr Schmiedekolben, Pleuel und Titanventile aller Fabrikate von Alfa Romeo bis Volkswagen in B\u00fcnde.","og_url":"http:\/\/aw-delta.com\/content\/produkte\/schmiedekolben-pleuel-titanventile","og_site_name":"AW-Delta","article_modified_time":"2016-09-19T13:31:23+00:00","twitter_card":"summary_large_image","twitter_misc":{"Gesch\u00e4tzte Lesezeit":"1\u00a0Minute"},"schema":{"@context":"https:\/\/schema.org","@graph":[{"@type":"WebPage","@id":"http:\/\/aw-delta.com\/content\/produkte\/schmiedekolben-pleuel-titanventile","url":"http:\/\/aw-delta.com\/content\/produkte\/schmiedekolben-pleuel-titanventile","name":"Schmiedekolben, Pleuel & Titanventile - AW-Delta","isPartOf":{"@id":"https:\/\/aw-delta.com\/content\/#website"},"datePublished":"2016-07-11T08:36:59+00:00","dateModified":"2016-09-19T13:31:23+00:00","description":"AW-Delta ist Ihr Spezial-Betrieb f\u00fcr Schmiedekolben, Pleuel und Titanventile aller Fabrikate von Alfa Romeo bis Volkswagen in B\u00fcnde.","breadcrumb":{"@id":"http:\/\/aw-delta.com\/content\/produkte\/schmiedekolben-pleuel-titanventile#breadcrumb"},"inLanguage":"de","potentialAction":[{"@type":"ReadAction","target":["http:\/\/aw-delta.com\/content\/produkte\/schmiedekolben-pleuel-titanventile"]}]},{"@type":"BreadcrumbList","@id":"http:\/\/aw-delta.com\/content\/produkte\/schmiedekolben-pleuel-titanventile#breadcrumb","itemListElement":[{"@type":"ListItem","position":1,"name":"Startseite","item":"http:\/\/aw-delta.com\/content\/"},{"@type":"ListItem","position":2,"name":"Produkte","item":"http:\/\/aw-delta.com\/content\/produkte"},{"@type":"ListItem","position":3,"name":"Schmiedekolben, Pleuel &#038; Titanventile"}]},{"@type":"WebSite","@id":"https:\/\/aw-delta.com\/content\/#website","url":"https:\/\/aw-delta.com\/content\/","name":"AW-Delta","description":"Autoersatzteile und Motortuning in 32257 B\u00fcnde","potentialAction":[{"@type":"SearchAction","target":{"@type":"EntryPoint","urlTemplate":"https:\/\/aw-delta.com\/content\/?s={search_term_string}"},"query-input":{"@type":"PropertyValueSpecification","valueRequired":true,"valueName":"search_term_string"}}],"inLanguage":"de"}]}},"_links":{"self":[{"href":"http:\/\/aw-delta.com\/content\/wp-json\/wp\/v2\/pages\/47","targetHints":{"allow":["GET"]}}],"collection":[{"href":"http:\/\/aw-delta.com\/content\/wp-json\/wp\/v2\/pages"}],"about":[{"href":"http:\/\/aw-delta.com\/content\/wp-json\/wp\/v2\/types\/page"}],"author":[{"embeddable":true,"href":"http:\/\/aw-delta.com\/content\/wp-json\/wp\/v2\/users\/1"}],"replies":[{"embeddable":true,"href":"http:\/\/aw-delta.com\/content\/wp-json\/wp\/v2\/comments?post=47"}],"version-history":[{"count":5,"href":"http:\/\/aw-delta.com\/content\/wp-json\/wp\/v2\/pages\/47\/revisions"}],"predecessor-version":[{"id":142,"href":"http:\/\/aw-delta.com\/content\/wp-json\/wp\/v2\/pages\/47\/revisions\/142"}],"up":[{"embeddable":true,"href":"http:\/\/aw-delta.com\/content\/wp-json\/wp\/v2\/pages\/33"}],"wp:attachment":[{"href":"http:\/\/aw-delta.com\/content\/wp-json\/wp\/v2\/media?parent=47"}],"curies":[{"name":"wp","href":"https:\/\/api.w.org\/{rel}","templated":true}]}}